{"id":225,"date":"2023-12-26T20:55:12","date_gmt":"2023-12-26T17:55:12","guid":{"rendered":"https:\/\/ukd.org.tr\/tucr2024\/?page_id=225"},"modified":"2026-04-22T08:36:48","modified_gmt":"2026-04-22T05:36:48","slug":"home-2-3","status":"publish","type":"page","link":"https:\/\/ukd.org.tr\/tucr2026\/home-2-3\/","title":{"rendered":"Home"},"content":{"rendered":"\n<div class=\"wp-block-group\"><div class=\"wp-block-group__inner-container is-layout-constrained wp-block-group-is-layout-constrained\">\n<div class=\"wp-block-columns is-layout-flex wp-container-core-columns-is-layout-9d6595d7 wp-block-columns-is-layout-flex\">\n<div class=\"wp-block-column is-layout-flow wp-block-column-is-layout-flow\" style=\"flex-basis:33.33%\">\n<figure class=\"wp-block-image size-full\"><img loading=\"lazy\" decoding=\"async\" width=\"250\" height=\"498\" src=\"https:\/\/ukd.org.tr\/tucr2026\/wp-content\/uploads\/2026\/01\/canan-kazak.jpeg\" alt=\"\" class=\"wp-image-1101\" srcset=\"https:\/\/ukd.org.tr\/tucr2026\/wp-content\/uploads\/2026\/01\/canan-kazak.jpeg 250w, https:\/\/ukd.org.tr\/tucr2026\/wp-content\/uploads\/2026\/01\/canan-kazak-151x300.jpeg 151w\" sizes=\"auto, (max-width: 250px) 100vw, 250px\" \/><\/figure>\n\n\n\n<p>Prof. Dr. Canan Kazak<br>Chair of the Turkish National Crystallographic Association<\/p>\n<\/div>\n\n\n\n<div class=\"wp-block-column is-layout-flow wp-block-column-is-layout-flow\" style=\"flex-basis:66.66%\">\n<p class=\"is-style-stripes has-text-color has-link-color wp-elements-9b3199990956ad1b2501475ad6643c0b\" style=\"color:#1c1c1c;font-size:22px\"><strong><br>Dear Esteemed Members of the National Crystallography Society,<\/strong><\/p>\n\n\n\n<p class=\"is-style-stripes has-text-color has-link-color wp-elements-ab159b1a4b47612b57b2ef03032eed73\" style=\"color:#1c1c1c;font-size:22px\">On behalf of the Board of Directors of the National Crystallography Association, we invite you to attend the <strong>6th National Crystallography Meeting<\/strong>, which will be held face-to-face and hosted by Giresun University.<\/p>\n\n\n\n<p class=\"is-style-stripes has-text-color has-link-color wp-elements-d44256bd8e50b1549a8a76001a2fe64a\" style=\"color:#1c1c1c;font-size:22px\">It would be our pleasure to have you join us for this special event.<\/p>\n\n\n\n<p class=\"is-style-stripes has-text-color has-link-color wp-elements-e3fef0a7a21349b144b3b4467cacaf45\" style=\"color:#1c1c1c;font-size:22px\">The National Crystallography Meeting is organized by the National Crystallography Society. The National Crystallography Association was founded in Ankara in 2001 at Hacettepe University. The association&#8217;s objectives are to organize the professional, cultural, and social activities of its members, to support education in the field of crystallography, to contribute to the understanding, development, and dissemination of crystallography in Turkey, and to engage in scientific activities and publications in this field. Our association is a member of the European Crystallographic Association (ECA) and International Union of Crystallography (IUCr).<\/p>\n\n\n\n<p class=\"is-style-stripes has-text-color has-link-color wp-elements-7ab2b13e6961701cfcdaf4a57c584918\" style=\"color:#1c1c1c;font-size:22px\">During the meeting, both oral and poster presentations from participants will be included, as well as presentations by internationally recognized invited speakers.<\/p>\n\n\n\n<p class=\"is-style-stripes has-text-color has-link-color wp-elements-a2402f0b4588d3bef3cd7f8904d113bb\" style=\"color:#1c1c1c;font-size:22px\">We look forward to your participation in the 6th National Crystallography Meeting, which will be held face-to-face from May 17-19, 2026. We look forward to having you at our event.<\/p>\n\n\n\n<p class=\"is-style-stripes has-text-color has-link-color wp-elements-3eb944cb11742df6712865611be8cc2e\" style=\"color:#1c1c1c;font-size:22px\">Best Regards<br><\/p>\n<\/div>\n<\/div>\n<\/div><\/div>\n\n\n\n<div style=\"height:100px\" aria-hidden=\"true\" class=\"wp-block-spacer\"><\/div>\n\n\n\n<div class=\"wp-block-columns is-layout-flex wp-container-core-columns-is-layout-9d6595d7 wp-block-columns-is-layout-flex\">\n<div class=\"wp-block-column is-layout-flow wp-block-column-is-layout-flow\" style=\"flex-basis:100%\">\n<hr class=\"wp-block-separator has-alpha-channel-opacity\"\/>\n\n\n\n<div id=\"about\" class=\"wp-block-group has-black-color has-text-color has-link-color wp-elements-49c76e2d1b42831490ff3de53d420907\"><div class=\"wp-block-group__inner-container is-layout-constrained wp-block-group-is-layout-constrained\">\n<div class=\"wp-block-columns is-layout-flex wp-container-core-columns-is-layout-9d6595d7 wp-block-columns-is-layout-flex\">\n<div class=\"wp-block-column is-vertically-aligned-top is-layout-flow wp-block-column-is-layout-flow\" style=\"flex-basis:50%\">\n<h2 class=\"wp-block-heading has-large-font-size\">About the Event<\/h2>\n\n\n\n<p class=\"is-style-stripes has-text-color has-link-color wp-elements-6ce032f38d96c5c6331a31868557e02b\" style=\"color:#1c1c1c;font-size:22px\">&#8220;The 6th Turkish National Crystallographic Meeting&#8221; of the National Crystallography Association will be held at Giresun University on 17 &#8211; 19 May 2026.<\/p>\n<\/div>\n\n\n\n<div class=\"wp-block-column is-layout-flow wp-block-column-is-layout-flow\" style=\"flex-basis:25%\">\n<h2 class=\"wp-block-heading\">Where is it?<\/h2>\n\n\n\n<p class=\"is-style-stripes has-text-color has-link-color wp-elements-fdf2320fd17939571cfbdcd0a73b499e\" style=\"color:#1c1c1c;font-size:22px\">Giresun University,<br>G\u00fcre Campus<\/p>\n<\/div>\n\n\n\n<div class=\"wp-block-column is-layout-flow wp-block-column-is-layout-flow\" style=\"flex-basis:25%\">\n<h2 class=\"wp-block-heading\">When<\/h2>\n\n\n\n<p class=\"is-style-stripes has-text-color has-link-color wp-elements-03a04413a83bdf9d4616fa974157ede1\" style=\"color:#1c1c1c;font-size:22px\">17th-19th May 2026<\/p>\n<\/div>\n<\/div>\n\n\n\n<div style=\"height:40px\" aria-hidden=\"true\" class=\"wp-block-spacer\"><\/div>\n\n\n\n<h2 class=\"wp-block-heading has-large-font-size\" id=\"important_dates\">Important Dates<\/h2>\n\n\n\n<p class=\"is-style-stripes has-text-color has-link-color wp-elements-abb9c58c12ec5af98170fb2d46151041\" style=\"color:#1c1c1c;font-size:22px\"><strong>Meeting:<\/strong> 17 &#8211; 19 May 2026<br><strong>Oral &#8211; Poster Presentation Abstract Submission Deadline:<\/strong> 24 Apr 2026 (You can access the template for the summary from <a href=\"https:\/\/ukd.org.tr\/tucr2026\/wp-content\/uploads\/2025\/12\/name_surname_tucr2026.docx\" target=\"_blank\" rel=\"noreferrer noopener\">here<\/a>.)<br><strong>Participant &#8211; Listener registration:<\/strong> 10 May 2026<\/p>\n\n\n\n<div style=\"height:79px\" aria-hidden=\"true\" class=\"wp-block-spacer\"><\/div>\n<\/div><\/div>\n<\/div>\n<\/div>\n\n\n\n<div id=\"programme\" class=\"wp-block-group has-black-color has-text-color has-link-color wp-elements-0549c1f2ca9583f6afb6adead16dc667\"><div class=\"wp-block-group__inner-container is-layout-constrained wp-block-group-is-layout-constrained\">\n<h2 class=\"wp-block-heading has-large-font-size\">What The 6th National Crystallography Meeting Offers?<\/h2>\n\n\n\n<figure class=\"wp-block-table is-style-stripes\" style=\"font-size:22px\"><table class=\"has-text-color has-link-color has-fixed-layout\" style=\"color:#1c1c1c\"><tbody><tr><td>Participants will be given an invitation letter.<\/td><\/tr><tr><td>Participants will be given a certificate of participation.<\/td><\/tr><tr><td>All articles will go through the referee process.<\/td><\/tr><tr><td>Tour will be organized to touristic places in the city center.<\/td><\/tr><\/tbody><\/table><\/figure>\n\n\n\n<div style=\"height:59px\" aria-hidden=\"true\" class=\"wp-block-spacer\"><\/div>\n<\/div><\/div>\n\n\n\n<div id=\"committees\" class=\"wp-block-group speakers\"><div class=\"wp-block-group__inner-container is-layout-constrained wp-block-group-is-layout-constrained\">\n<h2 class=\"wp-block-heading has-large-font-size\" id=\"invited_speakers\">Invited Speakers<\/h2>\n\n\n\n<div class=\"wp-block-columns is-layout-flex wp-container-core-columns-is-layout-9d6595d7 wp-block-columns-is-layout-flex\">\n<div class=\"wp-block-column is-layout-flow wp-block-column-is-layout-flow\">\n<div class=\"wp-block-columns is-layout-flex wp-container-core-columns-is-layout-9d6595d7 wp-block-columns-is-layout-flex\">\n<div class=\"wp-block-column is-layout-flow wp-block-column-is-layout-flow\">\n<figure class=\"wp-block-image size-full\"><img loading=\"lazy\" decoding=\"async\" width=\"575\" height=\"355\" src=\"https:\/\/ukd.org.tr\/tucr2026\/wp-content\/uploads\/2025\/12\/michael.jpg\" alt=\"\" class=\"wp-image-1054\" style=\"aspect-ratio:3\/4;object-fit:cover\" srcset=\"https:\/\/ukd.org.tr\/tucr2026\/wp-content\/uploads\/2025\/12\/michael.jpg 575w, https:\/\/ukd.org.tr\/tucr2026\/wp-content\/uploads\/2025\/12\/michael-300x185.jpg 300w\" sizes=\"auto, (max-width: 575px) 100vw, 575px\" \/><figcaption class=\"wp-element-caption\">Michael Richard Probert<\/figcaption><\/figure>\n<\/div>\n\n\n\n<div class=\"wp-block-column is-layout-flow wp-block-column-is-layout-flow\">\n<figure class=\"wp-block-image size-full\"><img loading=\"lazy\" decoding=\"async\" width=\"768\" height=\"431\" src=\"https:\/\/ukd.org.tr\/tucr2026\/wp-content\/uploads\/2025\/12\/santiago.webp\" alt=\"\" class=\"wp-image-1052\" style=\"aspect-ratio:3\/4;object-fit:cover\" srcset=\"https:\/\/ukd.org.tr\/tucr2026\/wp-content\/uploads\/2025\/12\/santiago.webp 768w, https:\/\/ukd.org.tr\/tucr2026\/wp-content\/uploads\/2025\/12\/santiago-300x168.webp 300w\" sizes=\"auto, (max-width: 768px) 100vw, 768px\" \/><figcaption class=\"wp-element-caption\">Santiago Garcia-Granda<\/figcaption><\/figure>\n<\/div>\n<\/div>\n<\/div>\n\n\n\n<div class=\"wp-block-column is-layout-flow wp-block-column-is-layout-flow\">\n<div class=\"wp-block-columns is-layout-flex wp-container-core-columns-is-layout-9d6595d7 wp-block-columns-is-layout-flex\">\n<div class=\"wp-block-column is-layout-flow wp-block-column-is-layout-flow\">\n<figure class=\"wp-block-image size-full\"><img loading=\"lazy\" decoding=\"async\" width=\"400\" height=\"400\" src=\"https:\/\/ukd.org.tr\/tucr2026\/wp-content\/uploads\/2025\/12\/clegg.jpg\" alt=\"\" class=\"wp-image-1051\" style=\"aspect-ratio:3\/4;object-fit:cover\" srcset=\"https:\/\/ukd.org.tr\/tucr2026\/wp-content\/uploads\/2025\/12\/clegg.jpg 400w, https:\/\/ukd.org.tr\/tucr2026\/wp-content\/uploads\/2025\/12\/clegg-300x300.jpg 300w, https:\/\/ukd.org.tr\/tucr2026\/wp-content\/uploads\/2025\/12\/clegg-150x150.jpg 150w\" sizes=\"auto, (max-width: 400px) 100vw, 400px\" \/><figcaption class=\"wp-element-caption\">William Clegg<\/figcaption><\/figure>\n<\/div>\n\n\n\n<div class=\"wp-block-column is-layout-flow wp-block-column-is-layout-flow\">\n<figure class=\"wp-block-image size-full\"><img loading=\"lazy\" decoding=\"async\" width=\"750\" height=\"422\" src=\"https:\/\/ukd.org.tr\/tucr2026\/wp-content\/uploads\/2025\/12\/zehra-sayers.jpg\" alt=\"\" class=\"wp-image-1053\" style=\"aspect-ratio:3\/4;object-fit:cover\" srcset=\"https:\/\/ukd.org.tr\/tucr2026\/wp-content\/uploads\/2025\/12\/zehra-sayers.jpg 750w, https:\/\/ukd.org.tr\/tucr2026\/wp-content\/uploads\/2025\/12\/zehra-sayers-300x169.jpg 300w\" sizes=\"auto, (max-width: 750px) 100vw, 750px\" \/><figcaption class=\"wp-element-caption\">Zehra Sayers<\/figcaption><\/figure>\n<\/div>\n<\/div>\n<\/div>\n\n\n\n<div class=\"wp-block-column is-layout-flow wp-block-column-is-layout-flow\">\n<div class=\"wp-block-columns is-layout-flex wp-container-core-columns-is-layout-9d6595d7 wp-block-columns-is-layout-flex\">\n<div class=\"wp-block-column is-layout-flow wp-block-column-is-layout-flow\">\n<figure class=\"wp-block-image size-full\"><img loading=\"lazy\" decoding=\"async\" width=\"200\" height=\"200\" src=\"https:\/\/ukd.org.tr\/tucr2026\/wp-content\/uploads\/2026\/01\/cengiz-arici.png\" alt=\"\" class=\"wp-image-1092\" style=\"aspect-ratio:3\/4;object-fit:cover\" srcset=\"https:\/\/ukd.org.tr\/tucr2026\/wp-content\/uploads\/2026\/01\/cengiz-arici.png 200w, https:\/\/ukd.org.tr\/tucr2026\/wp-content\/uploads\/2026\/01\/cengiz-arici-150x150.png 150w\" sizes=\"auto, (max-width: 200px) 100vw, 200px\" \/><figcaption class=\"wp-element-caption\">Cengiz Ar\u0131c\u0131<\/figcaption><\/figure>\n<\/div>\n\n\n\n<div class=\"wp-block-column is-layout-flow wp-block-column-is-layout-flow\">\n<figure class=\"wp-block-image size-full\"><img loading=\"lazy\" decoding=\"async\" width=\"176\" height=\"281\" src=\"https:\/\/ukd.org.tr\/tucr2026\/wp-content\/uploads\/2024\/02\/NDuteanu.png\" alt=\"\" class=\"wp-image-535\" style=\"aspect-ratio:3\/4;object-fit:cover\"\/><figcaption class=\"wp-element-caption\">Narcis Duteanu<\/figcaption><\/figure>\n<\/div>\n<\/div>\n<\/div>\n\n\n\n<div class=\"wp-block-column is-layout-flow wp-block-column-is-layout-flow\">\n<div class=\"wp-block-columns is-layout-flex wp-container-core-columns-is-layout-9d6595d7 wp-block-columns-is-layout-flex\">\n<div class=\"wp-block-column is-layout-flow wp-block-column-is-layout-flow\">\n<figure class=\"wp-block-image size-full\"><img loading=\"lazy\" decoding=\"async\" width=\"979\" height=\"1280\" src=\"https:\/\/ukd.org.tr\/tucr2026\/wp-content\/uploads\/2026\/04\/SantanuPathak.jpeg\" alt=\"\" class=\"wp-image-1147\" style=\"aspect-ratio:3\/4;object-fit:cover\" srcset=\"https:\/\/ukd.org.tr\/tucr2026\/wp-content\/uploads\/2026\/04\/SantanuPathak.jpeg 979w, https:\/\/ukd.org.tr\/tucr2026\/wp-content\/uploads\/2026\/04\/SantanuPathak-229x300.jpeg 229w, https:\/\/ukd.org.tr\/tucr2026\/wp-content\/uploads\/2026\/04\/SantanuPathak-783x1024.jpeg 783w, https:\/\/ukd.org.tr\/tucr2026\/wp-content\/uploads\/2026\/04\/SantanuPathak-768x1004.jpeg 768w\" sizes=\"auto, (max-width: 979px) 100vw, 979px\" \/><figcaption class=\"wp-element-caption\">Santanu Pathak<\/figcaption><\/figure>\n<\/div>\n\n\n\n<div class=\"wp-block-column is-layout-flow wp-block-column-is-layout-flow\">\n<figure class=\"wp-block-image size-full\"><img loading=\"lazy\" decoding=\"async\" width=\"715\" height=\"738\" src=\"https:\/\/ukd.org.tr\/tucr2026\/wp-content\/uploads\/2026\/04\/Mustafa-Fatih-Genisel.png\" alt=\"\" class=\"wp-image-1148\" style=\"aspect-ratio:3\/4;object-fit:cover\" srcset=\"https:\/\/ukd.org.tr\/tucr2026\/wp-content\/uploads\/2026\/04\/Mustafa-Fatih-Genisel.png 715w, https:\/\/ukd.org.tr\/tucr2026\/wp-content\/uploads\/2026\/04\/Mustafa-Fatih-Genisel-291x300.png 291w\" sizes=\"auto, (max-width: 715px) 100vw, 715px\" \/><figcaption class=\"wp-element-caption\">Mustafa Fatih Geni\u015fel<\/figcaption><\/figure>\n<\/div>\n<\/div>\n<\/div>\n<\/div>\n\n\n\n<div style=\"height:100px\" aria-hidden=\"true\" class=\"wp-block-spacer\"><\/div>\n<\/div><\/div>\n\n\n\n<div id=\"committees\" class=\"wp-block-group speakers\"><div class=\"wp-block-group__inner-container is-layout-constrained wp-block-group-is-layout-constrained\">\n<h2 class=\"wp-block-heading has-large-font-size\" id=\"committees\">Committees<\/h2>\n\n\n\n<h3 class=\"wp-block-heading has-large-font-size\" id=\"organising_committee\">Organising Committee<\/h3>\n\n\n\n<figure class=\"wp-block-table is-style-stripes\" style=\"font-size:22px\"><table class=\"has-text-color has-link-color\" style=\"color:#1c1c1c\"><tbody><tr><td>Canan Kazak (Chair &#8211; Ondokuz May\u0131s University)<\/td><\/tr><tr><td>Ayta\u00e7 G\u00fcder (Giresun University)<\/td><\/tr><tr><td>Ersin Temel (Giresun University)<\/td><\/tr><tr><td>N. Gamze Turan (Ondokuz May\u0131s University)<\/td><\/tr><tr><td>G\u00f6khan Alpaslan (Giresun University)<\/td><\/tr><tr><td>M. Hakk\u0131 Y\u0131ld\u0131r\u0131m (Giresun University)<\/td><\/tr><tr><td>Halil G\u00f6kce (Giresun University)<\/td><\/tr><tr><td>Nadihan Yolge\u00e7ti (Erciyes University)<\/td><\/tr><tr><td>Nahide Burcu Arslan (Giresun University)<\/td><\/tr><tr><td>Onur \u015eahin (Sinop University)<\/td><\/tr><tr><td>\u00dcmit Ceylan (Giresun University)<\/td><\/tr><tr><td>Yelda Bing\u00f6l Alpaslan (Giresun University)<\/td><\/tr><\/tbody><\/table><\/figure>\n\n\n\n<div style=\"height:55px\" aria-hidden=\"true\" class=\"wp-block-spacer\"><\/div>\n\n\n\n<h3 class=\"wp-block-heading has-large-font-size\" id=\"scientific_committee\">Scientific Committee<\/h3>\n\n\n\n<figure class=\"wp-block-table is-style-stripes\" style=\"font-size:22px\"><table class=\"has-text-color has-link-color has-fixed-layout\" style=\"color:#1c1c1c\"><tbody><tr><td>Sema \u00d6zt\u00fcrk Y\u0131ld\u0131r\u0131m (President-Erciyes University)<\/td><\/tr><tr><td>Arzu \u00d6zek Y\u0131ld\u0131r\u0131m (Giresun University)<\/td><\/tr><tr><td>Bilal G\u00fcne\u015f (Gazi University)<\/td><\/tr><tr><td>Birol Ertu\u011fral (Giresun University)<\/td><\/tr><tr><td>\u00c7i\u011fdem Y\u00fcksektepe Ataol (\u00c7ank\u0131r\u0131 Karatekin University)<\/td><\/tr><tr><td>F. Bet\u00fcl Kaynak (Hacettepe University)<\/td><\/tr><tr><td>H\u00fcseyin \u00dcnver (Ankara University)<\/td><\/tr><tr><td>Leyla Tatar (Hacettepe University)<\/td><\/tr><tr><td>Metin Kul (Eski\u015fehir Teknik University)<\/td><\/tr><tr><td>Muhittin Ayg\u00fcn (Dokuz Eyl\u00fcl University)<\/td><\/tr><tr><td>Musa Sar\u0131 (Gazi University)<\/td><\/tr><tr><td>Resul Sevin\u00e7ek (Dokuz Eyl\u00fcl University)<\/td><\/tr><tr><td>Ufuk \u00c7oruh (Ondokuz May\u0131s University)<\/td><\/tr><\/tbody><\/table><\/figure>\n<\/div><\/div>\n\n\n\n<div style=\"height:38px\" aria-hidden=\"true\" class=\"wp-block-spacer\"><\/div>\n\n\n\n<h3 class=\"wp-block-heading has-large-font-size\">Treasurer &amp; Sponsorship<\/h3>\n\n\n\n<figure class=\"wp-block-table is-style-stripes\" style=\"font-size:22px\"><table class=\"has-text-color has-link-color has-fixed-layout\" style=\"color:#1c1c1c\"><tbody><tr><td>Onur \u015eahin (Sinop University)<\/td><\/tr><\/tbody><\/table><\/figure>\n\n\n\n<div style=\"height:100px\" aria-hidden=\"true\" class=\"wp-block-spacer\"><\/div>\n\n\n\n<div id=\"registration\" class=\"wp-block-group has-black-color has-text-color has-link-color wp-elements-4c553462e445dc5ba11550d1a3b65e8b\"><div class=\"wp-block-group__inner-container is-layout-constrained wp-block-group-is-layout-constrained\">\n<h2 class=\"wp-block-heading has-large-font-size\" id=\"registration\">Registration<\/h2>\n\n\n\n<p class=\"is-style-stripes has-text-color has-link-color wp-elements-6ef5dfd27a6c1e70968d6238590aa120\" style=\"color:#1c1c1c;font-size:22px\"><\/p>\n\n\n\n<p class=\"is-style-stripes has-text-color has-link-color wp-elements-2e7c39dcf2c2d2faa189f2b43783616a\" style=\"color:#1c1c1c;font-size:22px\"><strong>Click for <a href=\"https:\/\/forms.gle\/swwuBxB1NFDNN3dBA\" target=\"_blank\" rel=\"noreferrer noopener\">registration <\/a>form<\/strong>.<\/p>\n\n\n\n<div style=\"height:100px\" aria-hidden=\"true\" class=\"wp-block-spacer\"><\/div>\n<\/div><\/div>\n\n\n\n<h2 class=\"wp-block-heading has-large-font-size\" id=\"gender\">Gender Balance<\/h2>\n\n\n\n<p style=\"font-size:22px\"><a><strong>Statement on Gender Balance at 6th National Crystallography Meeting<\/strong><\/a><\/p>\n\n\n\n<p style=\"font-size:22px\">The 5th National Crystallography Meeting Organizing Committee fully supports and promotes gender equality in accordance with the IUCr policy <a href=\"https:\/\/www.iucr.org\/iucr\/principles-and-policies\/gender-balance\" target=\"_blank\" rel=\"noreferrer noopener\">https:\/\/www.iucr.org\/iucr\/principles-and-policies\/gender-balance<\/a>.<\/p>\n\n\n\n<p style=\"font-size:22px\">We will ensure gender equality in our committees (including the Organizing Committee itself), among our lecturers and participants and pay special attention to the gender balance in evaluating bursary applications.<\/p>\n\n\n\n<p style=\"font-size:22px\">For further information, our gender equity and diversity advisor is <strong>Prof. Dr. Canan Kazak<\/strong>.<\/p>\n\n\n\n<p style=\"font-size:22px\">Further information can be found on the web site of IUCR\u2019s Gender Equity and Diversity Committee GEDC (<a href=\"https:\/\/www.iucr.org\/iucr\/governance\/advisory-committees\/gedc\">https:\/\/www.iucr.org\/iucr\/governance\/advisory-committees\/gedc<\/a>). This page contains a code of conduct, a GEDC conference speaker statement and a toolkit for conference organisers.<\/p>\n\n\n\n<p style=\"font-size:22px\"><strong>Scientific Freedom Policy Statement<\/strong><\/p>\n\n\n\n<p style=\"font-size:22px\">The Organizing Committee of <strong>6th National Crystallography Meeting<\/strong> shall observe the basic policy of non-discrimination and affirms the right and freedom of scientists to associate in international scientific activity without regard to such factors as ethnic origin, religion, citizenship, language, political stance, gender, sex or age, in accordance with the Statutes of the International Council for Science. At <strong>6th National Crystallography Meeting<\/strong> no barriers will exist which would prevent the participation of bona fide scientists.<\/p>\n\n\n\n<p style=\"font-size:22px\"><strong>Diversity, Equality and Inclusion Statement<\/strong><\/p>\n\n\n\n<p style=\"font-size:22px\">We welcome all crystallographers and scientists working in related fields, regardless of their ethnic origin, race, citizenship, language, political views, gender, sex, sexual preferences, physical disabilities and age. We strive to create a culture of diversity, equality and inclusion.<\/p>\n\n\n\n<h2 class=\"wp-block-heading has-large-font-size\">Sponsors<\/h2>\n\n\n\n<div style=\"height:100px\" aria-hidden=\"true\" class=\"wp-block-spacer\"><\/div>\n\n\n\n<h2 class=\"wp-block-heading\" id=\"banner\">Banner<\/h2>\n\n\n<div class=\"wp-block-image\">\n<figure class=\"aligncenter size-large is-resized\"><a href=\"https:\/\/ukd.org.tr\/tucr2026\/wp-content\/uploads\/2026\/04\/afis_tucr2026_en-scaled.jpg\" target=\"_blank\" rel=\" noreferrer noopener\"><img decoding=\"async\" src=\"https:\/\/ukd.org.tr\/tucr2026\/wp-content\/uploads\/2026\/04\/afis_tucr2026_en-853x1024.jpg\" alt=\"\" class=\"wp-image-1154\" style=\"width:357px;height:auto\"\/><\/a><\/figure>\n<\/div>\n\n\n<div style=\"height:100px\" aria-hidden=\"true\" class=\"wp-block-spacer\"><\/div>\n\n\n\n<div id=\"contact\" class=\"wp-block-group has-black-color has-text-color has-link-color wp-elements-4932ff59e4ee2e46522c85111b9b9f89\"><div class=\"wp-block-group__inner-container is-layout-constrained wp-block-group-is-layout-constrained\">\n<h2 class=\"wp-block-heading has-large-font-size\">Contact<\/h2>\n\n\n\n<p><strong>Address:<\/strong>&nbsp;Giresun University, Giresun<\/p>\n\n\n\n<p><strong>Tel:<\/strong>&nbsp;+90 532 607 5234 \/ +90 555 518 6275<\/p>\n\n\n\n<p><strong>Email:<\/strong>&nbsp;<a href=\"mailto:tucr.contact@gmail.com\" target=\"_blank\" rel=\"noreferrer noopener\">tucr.contact@gmail.com<\/a><\/p>\n\n\n\n<iframe src=\"https:\/\/www.google.com\/maps\/embed?pb=!1m18!1m12!1m3!1d3015.010334007937!2d38.317104584789995!3d40.91551929752707!2m3!1f0!2f0!3f0!3m2!1i1024!2i768!4f13.1!3m3!1m2!1s0x40636ca6a7ff5ac1%3A0x23d689ed5f307b2e!2sGiresun%20University!5e0!3m2!1sen!2str!4v1765141907708!5m2!1sen!2str\" width=\"600\" height=\"450\" style=\"border:0;\" allowfullscreen=\"\" loading=\"lazy\" referrerpolicy=\"no-referrer-when-downgrade\"><\/iframe>\n\n\n\n<div style=\"height:100px\" aria-hidden=\"true\" class=\"wp-block-spacer\"><\/div>\n<\/div><\/div>\n\n\n\n<div id=\"contact\" class=\"wp-block-group has-black-color has-text-color has-link-color wp-elements-8f6f37aa0b74843e436cf120bd01a2f7\"><div class=\"wp-block-group__inner-container is-layout-constrained wp-block-group-is-layout-constrained\">\n<h2 class=\"wp-block-heading has-large-font-size\">Accommodation<\/h2>\n\n\n\n<p>Will be announced soon&#8230;<\/p>\n\n\n\n<div style=\"height:100px\" aria-hidden=\"true\" class=\"wp-block-spacer\"><\/div>\n<\/div><\/div>\n","protected":false},"excerpt":{"rendered":"<p>Prof. Dr. Canan KazakChair of the Turkish National Crystallographic Association Dear Esteemed Members of the National Crystallography Society, On behalf of the Board of Directors of the National Crystallography Association, we invite you to attend the 6th National Crystallography Meeting, which will be held face-to-face and hosted by Giresun University. It would be our pleasure [&hellip;]<\/p>\n","protected":false},"author":2,"featured_media":0,"parent":0,"menu_order":0,"comment_status":"closed","ping_status":"closed","template":"","meta":{"footnotes":""},"class_list":["post-225","page","type-page","status-publish","hentry"],"_links":{"self":[{"href":"https:\/\/ukd.org.tr\/tucr2026\/wp-json\/wp\/v2\/pages\/225","targetHints":{"allow":["GET"]}}],"collection":[{"href":"https:\/\/ukd.org.tr\/tucr2026\/wp-json\/wp\/v2\/pages"}],"about":[{"href":"https:\/\/ukd.org.tr\/tucr2026\/wp-json\/wp\/v2\/types\/page"}],"author":[{"embeddable":true,"href":"https:\/\/ukd.org.tr\/tucr2026\/wp-json\/wp\/v2\/users\/2"}],"replies":[{"embeddable":true,"href":"https:\/\/ukd.org.tr\/tucr2026\/wp-json\/wp\/v2\/comments?post=225"}],"version-history":[{"count":204,"href":"https:\/\/ukd.org.tr\/tucr2026\/wp-json\/wp\/v2\/pages\/225\/revisions"}],"predecessor-version":[{"id":1161,"href":"https:\/\/ukd.org.tr\/tucr2026\/wp-json\/wp\/v2\/pages\/225\/revisions\/1161"}],"wp:attachment":[{"href":"https:\/\/ukd.org.tr\/tucr2026\/wp-json\/wp\/v2\/media?parent=225"}],"curies":[{"name":"wp","href":"https:\/\/api.w.org\/{rel}","templated":true}]}}